luate 4 + (3 - ((5 + -13 - -1) + 11)).
3
What is the value of (0 - (-1 - 8)) + -7 - 8?
-6
Calculate -47 - -61 - (3 + 25 + 3).
-17
Evaluate (4 - 10) + (-1 - -2).
-5
-2 - (8 + 10 + -2)
-18
What is the value of (12 - (11 - 19)) + -13?
7
What is -1 + 1 - ((-1 - 14) + 8)?
7
What is the value of (31 - 115) + 44 + 31?
-9
-22 + -7 + 0 + (17 - 1)
-13
Calculate -14 + 22 + -4 - -3.
7
What is (-3 - (-17 - -3)) + -31 + 23?
3
What is 23 + -21 + -7 + (1 - 2) + -2?
-8
What is 16 - (-2 - (6 + -1) - (56 - 64))?
15
-2 - (7 + -17 + -4 + (-1 - -10))
3
Calculate (8 - (35 + -30)) + (-7 - -1) - 17.
-20
Evaluate 0 - -20 - (0 + (0 - -3) + -11).
28
(5 - 9) + -3 + (2 - (-2 + -14))
11
What is the value of 6 + -1 + -4 + (-35 - -40) + -22?
-16
29 + -42 - (10 - 26)
3
-16 + (-11 + 37 - 20)
-10
-3 - (5 - (7 + -8) - 11) - -13
15
Calculate (-2 - -7) + 4 - (-11 + 4).
16
Evaluate 1 + (7 - ((4 - 4) + 3)).
5
(-2 - 0 - 5) + 0 + 14
7
28 + -29 + 32 - 15
16
Calculate 14 + (-4 - 0) - (-56 - -63).
3
What is 3 + 7 + -11 + (11 - -6)?
16
Evaluate 5 + 3 + -10 + 5 + -5.
-2
What is the value of -2 + 20 + (-144 - -142)?
16
What is the value of 119 + -146 - (5 + -24)?
-8
What is the value of -372 + 346 + 6 + (1 - 0) + 5?
-14
Evaluate 9 + (2 - (5 + (1 - (-2 + 2)))).
5
What is the value of 15 + -8 + -2 - 7?
-2
What is -9 + (4 - -2 - -11)?
8
Calculate 2 + (7 - (-4 + 15 + -6)) - -4.
8
-8 + (-1 - -14 - (-18 + 52))
-29
What is the value of 4 - (4 + 6 - -7)?
-13
What is 12 + -3 + -20 + 31 + -23?
-3
Evaluate -12 - (4 + 2 + -24 + -5 + 17).
-6
(7 - ((-11 - (-10 + 6)) + 10)) + -11
-7
What is the value of 16 + 0 + (-51 - -46)?
11
What is the value of 34 + -18 - ((-2 - -9) + 1)?
8
What is the value of -11 + 1 - (15 + 3 - 20)?
-8
Calculate 12 + 2 + 104 + -113 - (-1 + 0).
6
Calculate 9 + -8 - ((7 - -4) + -9).
-1
Evaluate -5 - (-13 + 9 + 6 + 1).
-8
2 + 12 + (127 - 154)
-13
-13 + 1 - (-2 + 10 + -13 + 2)
-9
Calculate (16 - (-4 - (8 + -8))) + -7 + 6.
19
What is -11 - 1 - (-678 + 664)?
2
What is -5 + 2 - (51 - 40)?
-14
What is the value of (0 - -13) + -514 + 509?
8
Evaluate -6 - (7 + (-1 - 13) + 8 - -12).
-19
Calculate 0 - 2 - ((-15 - 3) + (26 - 4)).
-6
What is (4 - 12) + 10 + (-4 - 3)?
-5
Evaluate 21 + (-4 + 33 - 27).
23
-3 - -4 - ((0 - -2) + (7 - 2))
-6
-3 - (-1 + 6 + (-2 - 1)) - 2
-7
What is 0 - ((-3 - -5) + 0) - (248 + -272)?
22
Calculate (-34 - -18 - -11) + -5 + (-2 - -1).
-11
Calculate (21 - 0) + (-9 - 3) + 8.
17
What is the value of (14 - -36 - 32) + (0 - 0)?
18
Evaluate 20 + (1 - 8 - (189 - 192)).
16
(-3 - 3) + -1 - (9 - 6)
-10
What is the value of -2 + 6 + -1 + 3 - (-96 + 101)?
1
What is 667 + -639 + -11 + -2?
15
Evaluate -2 + 1 + 7 + -438 + 433.
1
What is 7 + 0 + (-24 + 14 - 9) + -7?
-19
Calculate 12 + -9 - (2 + (-1 - 5)).
7
Calculate -1 + 0 + -4 + (-6 - (-12 + 5)).
-4
What is -54 + 52 - (-3 + 3 + -2 + 2)?
-2
What is the value of (3 - 16) + -4 + 3 + 4 + -5?
-15
What is the value of -32 + 28 + -4 + -8 - -4?
-12
(13 - 0 - (142 - 108)) + 4
-17
-2 + (2 - -2 - (-6 - -8)) + -10
-10
Calculate (-7 - (9 - 10) - -2 - 1) + -10.
-15
What is the value of 4 + -2 - ((-6 - (9 - 19)) + 3)?
-5
What is -49 + (35 - -22 - 28)?
-20
What is the value of 12 + (7 - 20 - -5)?
4
Evaluate -12 + (-15 - -22) - 18.
-23
Calculate (4 - 21 - -4) + 13.
0
Calculate (-45 - -35) + (0 - -28) + -10.
8
2 + -7 + (16 - 7)
4
(-17 - -39) + -11 - 4
7
What is the value of 5 - (-7 - (-24 - -3))?
-9
Calculate (-108 - -127) + (-21 - 0).
-2
What is the value of 7 + -8 + (29 - 24)?
4
What is 1 + 8 + -4 - 2?
3
What is the value of (10 + 11 + -15 - 23) + 0 + 10?
-7
What is 4 + (7 - 10) + 5 + -1 + 2?
7
What is 43 - 29 - (-3 - 1)?
18
What is the value of 31 + -50 + 1 - (-3 - -1)?
-16
(-26 - (-88 - -48)) + (0 - 4)
10
What is the value of (2 - 2 - 0) + -4 - 1 - -9?
4
Evaluate (48 - 0) + -23 + -24 + 32.
33
-22 - -46 - (-4 - -6 - 6)
28
What is (-42 + 0 - -27) + 2 + -16?
-29
Calculate (-31 - (-16 - 12)) + -1 + 11.
7
Evaluate -8 + 17 + 2 - 2.
9
Evaluate -14 - (-16 + -7 + 14).
-5
What is -1 + -18 + 34 - (3 + -1 + -3)?
16
Calculate -20 + -17 + 36 + -12.
-13
What is the value of -11 - ((-37 - 1) + -2 + 6)?
23
Calculate -3 - ((-25 - 4) + 14).
12
What is 11 + (-11 - (-9 + -3) - 7)?
5
Calculate (-4 - -6) + 33 - (76 + -71).
30
Evaluate (8 + 5 - 3) + (-121 - -135).
24
Calculate -145 - -130 - (-19 - -1) - (-29 + 5).
27
Evaluate -7 - (7 + -12) - ((-2 - -1) + 4).
-5
Evaluate 0 + 2 + 8 + 0 - (-189 + 188).
11
-8 - (12 - (2 + -6 + 95 + -97))
-26
Calculate -5 + (1 + 1 - (7 + -24)).
14
Calculate 7 - (-13 + 19 + 1 + 2).
-2
Calculate -4 + -7 + 19 + -2 + 3.
9
What is the value of 2 + 14 + 10 + -19 + 8?
15
What is the value of 3 + (-7 - -21 - 24)?
-7
-2 - 7 - (-23 + 18 - -9)
-13
What is 21 - (28 - (1 - -17))?
11
What is -11 + 19 + 10 - 23?
-5
Calculate -25 + (12 - -1) + -5 + -1.
-18
1 + 19 + -29 - -1
-8
What is 0 + 19 - (459 - 439)?
-1
What is the value of -18 + (-32 - (-31 + -39))?
20
Calculate 1 - (6 + (-2 + 0 - -7)).
-10
What is the value of -4 + 8 + (3 - 5) + -5?
-3
What is 9 - 4 - ((13 - -1) + -12)?
3
Calculate -20 + (51 - 31) - -20.
20
Evaluate 2 + 7 + (-5 - 1) - 5 - 3.
-5
Calculate (-10 + 15 - -14) + -11.
8
What is 0 + -10 + (-136 - -140)?
-6
What is 0 + 1 + (22 + -10 - (-14 - -9))?
18
Evaluate -5 + 3 + -4 + (-31 - -57).
20
Evaluate 14 - (107 + -47) - -75.
29
What is 6 + -24 - (-86 - -52)?
16
What is -46 - -3 - (4 - -8 - 27)?
-28
Evaluate (-9 - -1 - -9) + -13.
-12
Calculate 0 + -11 + -37 + 10 + 40.
2
Calculate (-3 - -11 - 9) + -11 + 0.
-12
What is -14 + (27 - 7) + (4 + 4 - 0)?
14
What is -7 - (-8 - (1 - 4))?
-2
-39 + 34 - (-11 - (-5 + -1))
0
Calculate 21 + (-15 - -8) + -6 + 7 + -3.
12
What is 25 + -7 + -15 + 1?
4
What is the value of 0 - ((1522 - 1521) + -23 + (0 - -1))?
21
(0 - -8) + 16 + -12 + 1
13
Evaluate (-5 - (5 - 12)) + 7.
9
What is -6 + 11 + (2 - 9) - 4?
-6
Evaluate 16 + (-5 - -1) - (2 + -6 + 10).
6
What is the value of -19 + -1 + (9 - 8 - 1) + 3?
-17
Calculate -19 + 23 + 4 + 7.
15
-5 + 1 + (-1 - -9) + -8
-4
What is -17 - -36 - 8 - (9 + -1)?
3
-14 + 10 + (-15 - 7 - -12)
-14
What is 15 + (7 - 5) + -7?
10
Calculate -41 - -43 - (4 + 5).
-7
Evaluate 2 + -27 - -49 - 35.
-11
(1 - -4) + 243 + -257
-9
Evaluate -10 + (4 - (-9 + 2 + 7 + 4)).
-10
What is the value of -637 + 626 - (1 - -1 - -4)?
-17
4 + -1 + 2 - -6
11
Evaluate 8 - (21 - (5 + 4)).
-4
Evaluate 28 - (29 + (16 - 33)).
16
((6 - -2) + -17 - -12) + -16
-13
(1 - 5 - (-16 + (7 - -24))) + 8
-11
Calculate 11 + (-10 - ((-2 - 10) + 15 + -1)).
-1
-111 + 117 + (11 - -2)
19
Calculate (-15 - (19 - 19)) + 30.
15
-3 + -4 + (5 - -8) + (2 - -4)
12
What is 1 + (5 - -1) + -13 + 3?
-3
Evaluate -6 - ((-1 - 1) + 14 + -19) - 5.
-4
What is the value of (-5 - 3) + (14 - 13) + -15 + 5?
-17
-13 - -13 - (12 - 23)
11
Calculate -2 - 16 - (-1 - 1) - (-2 + -3).
-11
Calculate 21 - 2 - (-23 + 10 - (-3 + -19)).
10
8 + (-18 + 5 - 13)
-18
What is 1 + -34 + -1996 + 2052?
23
Evaluate (0 - -1 - 13) + -23 + 3 + 24.
-8
Calculate -1 - -3 - (-18 + -4 + 64 + -21).
-19
Evaluate 15 + (15 - 12) + 1 + -1 - 4.
14
Evaluate 0 + -3 + 27 + 30 + -34 - 4.
16
What is -1 + -1 - (1 + (-1 - (-7 - -13)))?
4
-64 + 58 + 2 + -4
-8
What is the value of 6 - (10 - (17 + -29 + 7))?
-9
(14 + 2 - (28 - 16)) + -14
-10
What is the value of -25 + (1 - 0) - (32 + -78 + 39)?
-17
-23 - -66 - ((4 - 1) + 9 - 6)
37
What is -4 + (-5 - -14) + (-7 - 13) + 13?
-2
Calculate -13 - (1 + -11) - (6 + -1).
-8
Calculate -20 - (-47 + 27 + -7).
7
Calculate -27 - (5 + -30) - (1 - 25).
22
Calculate -30 + (1 - (-3 - -8 - (10 - 4))).
-28
Evaluate 1 - (-16 + 5 + 4 + -1).
9
Evaluate 31 - (-8 + 41 - -25).
-27
Calculate 8 + -6 + 11 + -10 + -8.
-5
What is (-6 - (58 + -29)) + 46?
11
What is the value of 12 - (27 - (-26 + 47))?
6
Evaluate 17 - (9 - 1) - 3 - 8.
-2
What is -46 + 14 - -55 - -2?
25
What is (-6 - 30) + 6 + -6 + 10?
-26
Evaluate 33 + -6 + -29 + 40.
38
Evaluate 7 + 4 + -14 + 4 - (7 - -1).
-7
What is the value of -7 - 0 - (-27 + 9 + 12)?
-1
Calculate -25 + -1 + 176 + -150 + (-29 - -1).
-28
What is 7 - 5 - -16 - (-11 + -6 - -13)?
22
What is the value of -38 - -36 - (1 - -2)?
-5
What is -28 + 17 - (-2 + (4 - 37))?
24
Calculate -9 + -11 + 24 + -1 + -14.
-11
What is the value of (-1 - 0) + (-20 - -21)?
0
Evaluate -10 + 1 - ((7 - 4) + 0 + -16).
4
What is (-17 - -30) + (-16 - 0)?
-3
Calculate -19 + (20 - -10) + 1.